{"id":9,"date":"2025-12-31T11:43:45","date_gmt":"2025-12-31T10:43:45","guid":{"rendered":"https:\/\/chiro-valence.local\/?page_id=9"},"modified":"2025-12-31T19:08:55","modified_gmt":"2025-12-31T18:08:55","slug":"qu-est-ce-que-la-chiropratique","status":"publish","type":"page","link":"https:\/\/www.valence-chiro.fr\/?page_id=9","title":{"rendered":"Qu&rsquo;est ce que la chiropraxie?"},"content":{"rendered":"<div class=\"simple-content\">\n<h1>Qu&rsquo;est ce que la chiropraxie?<\/h1>\n<p>La chiropraxie est une m\u00e9thode de soins naturelle qui s&rsquo;int\u00e9resse au diagnostic, au traitement et \u00e0 la pr\u00e9vention des dysfonctionnements du syst\u00e8me neuro-musculo-squelettique et de leurs cons\u00e9quences.<\/p>\n<p>Le chiropracteur est un praticien de premier contact, form\u00e9 pour examiner, diagnostiquer et traiter les troubles de l&rsquo;appareil locomoteur (muscles, os, articulations, tendons, ligaments, etc.) et du syst\u00e8me nerveux.<\/p>\n<p>La chiropraxie repose sur une conception globale du fonctionnement de l&rsquo;organisme et des capacit\u00e9s r\u00e9cup\u00e9ratrices du corps humain. Elle prend en compte les facult\u00e9s de r\u00e9cup\u00e9ration du corps sans avoir recours aux m\u00e9dicaments ni \u00e0 la chirurgie.<\/p>\n<h2 style=\"margin-top: 50px;margin-bottom: 30px;color: #2c5aa0\">Inventeur<\/h2>\n<div class=\"inventeur-section\" style=\"gap: 40px;align-items: flex-start;margin-bottom: 40px\">\n<div style=\"flex: 1\">\n<p>C&rsquo;est en 1895 que David Daniel Palmer cr\u00e9e la profession de chiropracteur en Iowa, aux Etats-Unis, \u00e0 la suite d&rsquo;une manipulation r\u00e9ussie sur son concierge.<\/p>\n<p>Le terme de chiropratique viendra plus tard, donn\u00e9 par l&rsquo;un de ses patients du cabinet, le r\u00e9v\u00e9rend Samuel H. Weed, qui a contract\u00e9 les mots grecs <em>\u00ab\u00a0Kheir = la main\u00a0\u00bb<\/em> et <em>\u00ab\u00a0praktikos = l&rsquo;action\u00a0\u00bb<\/em>.<\/p>\n<p>Le Palmer College of Chiropractic sera cr\u00e9\u00e9 en 1897 pour former des chiropracteurs. Le premier chiropracteur fran\u00e7ais, form\u00e9 au Canada, arrivera en 1924.<\/p>\n<\/p><\/div>\n<div style=\"flex: 0 0 350px\">\n        <img decoding=\"async\" src=\"https:\/\/chiro-valence.local\/wp-content\/uploads\/2025\/12\/palmer-portrait.jpg\" alt=\"David Daniel Palmer\" style=\"width: 100%;height: auto;border-radius: 8px\">\n    <\/div>\n<\/div>\n<\/div>\n","protected":false},"excerpt":{"rendered":"<p>Qu&rsquo;est ce que la chiropraxie? La chiropraxie est une m\u00e9thode de soins naturelle qui s&rsquo;int\u00e9resse au diagnostic, au traitement et \u00e0 la pr\u00e9vention des dysfonctionnements du syst\u00e8me neuro-musculo-squelettique et de&#8230;<\/p>\n","protected":false},"author":2,"featured_media":0,"parent":0,"menu_order":1,"comment_status":"closed","ping_status":"closed","template":"","meta":{"footnotes":""},"class_list":["post-9","page","type-page","status-publish","hentry"],"_links":{"self":[{"href":"https:\/\/www.valence-chiro.fr\/index.php?rest_route=\/wp\/v2\/pages\/9","targetHints":{"allow":["GET"]}}],"collection":[{"href":"https:\/\/www.valence-chiro.fr\/index.php?rest_route=\/wp\/v2\/pages"}],"about":[{"href":"https:\/\/www.valence-chiro.fr\/index.php?rest_route=\/wp\/v2\/types\/page"}],"author":[{"embeddable":true,"href":"https:\/\/www.valence-chiro.fr\/index.php?rest_route=\/wp\/v2\/users\/2"}],"replies":[{"embeddable":true,"href":"https:\/\/www.valence-chiro.fr\/index.php?rest_route=%2Fwp%2Fv2%2Fcomments&post=9"}],"version-history":[{"count":11,"href":"https:\/\/www.valence-chiro.fr\/index.php?rest_route=\/wp\/v2\/pages\/9\/revisions"}],"predecessor-version":[{"id":99,"href":"https:\/\/www.valence-chiro.fr\/index.php?rest_route=\/wp\/v2\/pages\/9\/revisions\/99"}],"wp:attachment":[{"href":"https:\/\/www.valence-chiro.fr\/index.php?rest_route=%2Fwp%2Fv2%2Fmedia&parent=9"}],"curies":[{"name":"wp","href":"https:\/\/api.w.org\/{rel}","templated":true}]}}